33.
431
What is the remainder when 24132359 is divided by 3?
2
What is the remainder when 12790843 is divided by 3197709?
7
What is the remainder when 1557228 is divided by 1557218?
10
Calculate the remainder when 291243875 is divided by 35.
20
What is the remainder when 2028560 is divided by 1014241?
78
Calculate the remainder when 185985534 is divided by 145871.
9
What is the remainder when 504745 is divided by 4347?
493
Calculate the remainder when 7333134 is divided by 74.
30
What is the remainder when 1602914 is divided by 123?
101
What is the remainder when 976883 is divided by 488266?
351
What is the remainder when 4533541 is divided by 127?
22
What is the remainder when 39174 is divided by 748?
278
What is the remainder when 4151006 is divided by 429?
2
What is the remainder when 231766 is divided by 326?
306
What is the remainder when 2604135 is divided by 77?
72
What is the remainder when 14366 is divided by 86?
4
Calculate the remainder when 871387 is divided by 34855.
12
What is the remainder when 543848 is divided by 23645?
13
What is the remainder when 69783 is divided by 3331?
3163
Calculate the remainder when 8093978 is divided by 93034.
20
What is the remainder when 117362 is divided by 38695?
1277
Calculate the remainder when 169717 is divided by 820.
797
What is the remainder when 122831 is divided by 40555?
1166
What is the remainder when 49872 is divided by 6177?
456
Calculate the remainder when 13344463 is divided by 60.
43
What is the remainder when 20953517 is divided by 18284?
53
Calculate the remainder when 33216506 is divided by 8388.
26
What is the remainder when 305201 is divided by 23?
14
Calculate the remainder when 8319 is divided by 8315.
4
Calculate the remainder when 110215 is divided by 12047.
1792
Calculate the remainder when 66115 is divided by 453.
430
What is the remainder when 5724396 is divided by 88?
84
Calculate the remainder when 17477763 is divided by 1945.
1938
Calculate the remainder when 42983 is divided by 42.
17
What is the remainder when 19059 is divided by 15599?
3460
Calculate the remainder when 170906 is divided by 223.
88
What is the remainder when 1162505 is divided by 68379?
62
Calculate the remainder when 38274718 is divided by 110.
108
Calculate the remainder when 3416 is divided by 73.
58
Calculate the remainder when 24624441 is divided by 459.
9
What is the remainder when 889008 is divided by 36972?
1680
Calculate the remainder when 1280412 is divided by 434.
112
Calculate the remainder when 427091 is divided by 1306.
29
What is the remainder when 16339103 is divided by 1054?
1049
What is the remainder when 89692823 is divided by 754?
753
What is the remainder when 18066875 is divided by 1382?
1371
What is the remainder when 1940857 is divided by 51052?
881
What is the remainder when 55528618 is divided by 140?
138
Calculate the remainder when 3616813 is divided by 6637.
6285
Calculate the remainder when 1272508 is divided by 658.
594
What is the remainder when 663247 is divided by 260?
247
What is the remainder when 119792 is divided by 7633?
5297
What is the remainder when 245784 is divided by 245773?
11
Calculate the remainder when 78777 is divided by 19465.
917
Calculate the remainder when 339190 is divided by 112956.
322
Calculate the remainder when 136734 is divided by 33917.
1066
What is the remainder when 4679671 is divided by 32?
23
What is the remainder when 45482205 is divided by 2883?
2880
What is the remainder when 7631199 is divided by 93?
84
What is the remainder when 44886 is divided by 20104?
4678
What is the remainder when 1178490 is divided by 2272?
1594
Calculate the remainder when 190443 is divided by 3674.
3069
What is the remainder when 21617723 is divided by 28557?
74
What is the remainder when 1851009 is divided by 4616?
4609
Calculate the remainder when 1390603 is divided by 107.
31
Calculate the remainder when 49566 is divided by 59.
6
Calculate the remainder when 350389 is divided by 58384.
85
Calculate the remainder when 1646686 is divided by 2268.
118
Calculate the remainder when 215803 is divided by 5137.
49
Calculate the remainder when 5151615 is divided by 2749.
2738
Calculate the remainder when 12696 is divided by 10592.
2104
What is the remainder when 15352 is divided by 185?
182
What is the remainder when 151017 is divided by 518?
279
What is the remainder when 643880 is divided by 44?
28
Calculate the remainder when 57528 is divided by 929.
859
Calculate the remainder when 1643928 is divided by 547870.
318
What is the remainder when 522416 is divided by 229?
67
Calculate the remainder when 67135 is divided by 11165.
145
Calculate the remainder when 25814390 is divided by 62.
8
Calculate the remainder when 123992862 is divided by 166.
158
Calculate the remainder when 321802755 is divided by 276.
3
Calculate the remainder when 1134555 is divided by 10.
5
Calculate the remainder when 203686 is divided by 65.
41
What is the remainder when 12279093 is divided by 39997?
14
What is the remainder when 304835 is divided by 2283?
1196
What is the remainder when 2798332 is divided by 2798325?
7
Calculate the remainder when 3354292 is divided by 150.
142
Calculate the remainder when 5771707 is divided by 1442924.
11
Calculate the remainder when 1316873 is divided by 658234.
405
What is the remainder when 337045 is divided by 1034?
995
What is the remainder when 424870 is divided by 14650?
20
What is the remainder when 30799471 is divided by 521?
35
What is the remainder when 228800 is divided by 1365?
845
Calculate the remainder when 8521963 is divided by 28.
23
What is the remainder when 855492 is divided by 561?
528
What is the remainder when 69141438 is divided by 73?
72
What is the remainder when 311309624 is divided by 5093?
5092
Calculate the remainder when 576363 is divided by 14.
11
What is the remainder when 1702496 is divided by 146?
136
Calculate the remainder when 2001055 is divided by 285840.
175
What is the remainder when 1163343 is divided by 78?
51
Calculate the remainder when 153211410 is divided by 222691.
2
Calculate the remainder when 9434884 is divided by 5184.
4
Calculate the remainder when 15502956 is divided by 4403.
4396
Calculate the remainder when 5816326 is divided by 5080.
4806
What is the remainder when 255820557 is divided by 4560?
4557
Calculate the remainder when 3750813 is divided by 285.
213
What is the remainder when 197834 is divided by 8976?
362
Calculate the remainder when 3071502 is divided by 1535202.
1098
What is the remainder when 1554659 is divided by 4367?
7
What is the remainder when 22251 is divided by 4760?
3211
What is the remainder when 89501 is divided by 2876?
345
Calculate the remainder when 2170151 is divided by 8220.
71
Calculate the remainder when 220706 is divided by 73473.
287
Calculate the remainder when 1640822 is divided by 1050.
722
What is the remainder when 2562446 is divided by 345?
131
What is the remainder when 59525 is divided by 3505?
3445
What is the remainder when 10759031 is divided by 302?
281
Calculate the remainder when 749844570 is divided by 8938.
8936
What is the remainder when 35497734 is divided by 154?
118
What is the remainder when 119467 is divided by 39740?
247
What is the remainder when 3785240 is divided by 132?
8
What is the remainder when 913 is divided by 10?
3
Calculate the remainder when 552366 is divided by 32487.
87
Calculate the remainder when 217434937 is divided by 54358733.
5
What is the remainder when 702174289 is divided by 17?
16
Calculate the remainder when 220817752 is divided by 1198.
1194
What is the remainder when 801831 is divided by 801217?
614
Calculate the remainder when 3322912 is divided by 124.
84
What is the remainder when 203089 is divided by 37?
33
What is the remainder when 373214 is divided by 22985?
5454
Calculate the remainder when 112766 is divided by 672.
542
What is the remainder when 12523 is divided by 324?
211
Calculate the remainder when 2405498 is divided by 3569.
3561
Calculate the remainder when 2342931 is divided by 17.
8
Calculate the remainder when 2479769 is divided by 1890.
89
Calculate the remainder when 2403919 is divided by 221.
102
Calculate the remainder when 186937 is divided by 11555.
2057
What is the remainder whe